{"id":41,"date":"2021-01-08T15:26:31","date_gmt":"2021-01-08T15:26:31","guid":{"rendered":"https:\/\/onnellisuusinstituutti.fi\/?page_id=41"},"modified":"2022-08-31T14:12:39","modified_gmt":"2022-08-31T14:12:39","slug":"tutkimus","status":"publish","type":"page","link":"https:\/\/onnellisuusinstituutti.fi\/?page_id=41","title":{"rendered":"TUTKIMUS"},"content":{"rendered":"\n<div class=\"wp-block-media-text alignwide is-stacked-on-mobile\"><figure class=\"wp-block-media-text__media\"><img loading=\"lazy\" decoding=\"async\" width=\"683\" height=\"1024\" src=\"https:\/\/onnellisuustutkimusinstituutti.fi\/wp-content\/uploads\/2022\/08\/jason-goodman-m2TU2gfqSeE-unsplash1-683x1024.jpg\" alt=\"\" class=\"wp-image-426 size-full\" srcset=\"https:\/\/onnellisuusinstituutti.fi\/wp-content\/uploads\/2022\/08\/jason-goodman-m2TU2gfqSeE-unsplash1-683x1024.jpg 683w, https:\/\/onnellisuusinstituutti.fi\/wp-content\/uploads\/2022\/08\/jason-goodman-m2TU2gfqSeE-unsplash1-200x300.jpg 200w, https:\/\/onnellisuusinstituutti.fi\/wp-content\/uploads\/2022\/08\/jason-goodman-m2TU2gfqSeE-unsplash1-768x1152.jpg 768w, https:\/\/onnellisuusinstituutti.fi\/wp-content\/uploads\/2022\/08\/jason-goodman-m2TU2gfqSeE-unsplash1-1024x1536.jpg 1024w, https:\/\/onnellisuusinstituutti.fi\/wp-content\/uploads\/2022\/08\/jason-goodman-m2TU2gfqSeE-unsplash1-1365x2048.jpg 1365w, https:\/\/onnellisuusinstituutti.fi\/wp-content\/uploads\/2022\/08\/jason-goodman-m2TU2gfqSeE-unsplash1-1568x2352.jpg 1568w, https:\/\/onnellisuusinstituutti.fi\/wp-content\/uploads\/2022\/08\/jason-goodman-m2TU2gfqSeE-unsplash1-scaled.jpg 1707w\" sizes=\"auto, (max-width: 683px) 100vw, 683px\" \/><\/figure><div class=\"wp-block-media-text__content\">\n<p class=\"has-large-font-size\">T\u00e4ll\u00e4 hetkell\u00e4 ty\u00f6skentelemme suomalaisten toimitusjohtajien onnellisuuteen liittyv\u00e4n tutkimuksen parissa.<\/p>\n\n\n\n<p class=\"has-large-font-size\">Haluamme selvitt\u00e4\u00e4 mit\u00e4 suomalaiset toimitusjohtajat ajattelevat onnellisuudesta ja erityisesti sen merkityksest\u00e4 liiketoiminnan tuloksellisuudelle ja kilpailukyvylle. <\/p>\n\n\n\n<p class=\"has-large-font-size\">Olemme my\u00f6s kiinnostuneita suomalaisten onnellisuudesta laajemminkin. Haluamme auttaa mahdollisimman montaa ihmist\u00e4 voimaan paremmin arjessa.<\/p>\n\n\n\n<p class=\"has-large-font-size\">Mik\u00e4 tekee juuri sinut onnelliseksi? Vastaa kyselyyn <a href=\"https:\/\/docs.google.com\/forms\/d\/e\/1FAIpQLSfXWjfRdBs2K5dslOR1wGZat5pDTsLHlemEm9GS-0XFzYDA3g\/viewform\">t\u00e4st\u00e4.<\/a> Saat ajantasaista tietoa kaikista hankkeistamme <a href=\"https:\/\/onnellisuustutkimusinstituutti.fi\/ota-yhteytta\/\">tilaamalla uutiskirjeen<\/a>!<\/p>\n<\/div><\/div>\n\n\n\n<div class=\"wp-block-media-text alignwide has-media-on-the-right is-stacked-on-mobile\"><figure class=\"wp-block-media-text__media\"><img decoding=\"async\" src=\"https:\/\/office964627144.files.wordpress.com\/2020\/11\/pexels-photo-669610.jpeg\" alt=\"\" class=\"wp-image-213 size-full\"\/><\/figure><div class=\"wp-block-media-text__content\"><\/div><\/div>\n\n\n\n<p><strong>Lukusuosituksemme ainakin n\u00e4ille<\/strong>:<\/p>\n\n\n\n<p>Campos-Garc\u00eda, I. (2021). The Female Way to Happiness at Work: Happiness for Women and Organisations. In <em>The Palgrave Handbook of Corporate Sustainability in the Digital Era<\/em> (pp. 743-765). Palgrave Macmillan, Cham.<\/p>\n\n\n\n<p>Helliwell, J. F., Gyarmati, D., Joyce, C., &amp; Orpana, H. (2020). Building an Epidemiology of Happiness. <em>NBER Working Paper<\/em>, (w28095).<\/p>\n\n\n\n<p>Rademacher, L., &amp; St\u00fcrmer, K. (2020). The Pursuit of Happiness in PR: Joy, Satisfaction and Motivation during Working as Communication Manager on Purposeful Cases. In <em>Joy<\/em>. Emerald Publishing Limited.<\/p>\n\n\n\n<p>Treffers, T., Klarner, P., &amp; Huy, Q. N. (2020). Emotions, time, and strategy: The effects of happiness and sadness on strategic decision-making under time constraints. <em>Long Range Planning<\/em>, <em>53<\/em>(5), 101954.<\/p>\n","protected":false},"excerpt":{"rendered":"<p>T\u00e4ll\u00e4 hetkell\u00e4 ty\u00f6skentelemme suomalaisten toimitusjohtajien onnellisuuteen liittyv\u00e4n tutkimuksen parissa. Haluamme selvitt\u00e4\u00e4 mit\u00e4 suomalaiset toimitusjohtajat ajattelevat onnellisuudesta ja erityisesti sen merkityksest\u00e4 liiketoiminnan tuloksellisuudelle ja kilpailukyvylle. Olemme my\u00f6s kiinnostuneita suomalaisten onnellisuudesta laajemminkin. Haluamme auttaa mahdollisimman montaa ihmist\u00e4 voimaan paremmin arjessa. Mik\u00e4 tekee juuri sinut onnelliseksi? Vastaa kyselyyn t\u00e4st\u00e4. Saat ajantasaista tietoa kaikista hankkeistamme tilaamalla uutiskirjeen! Lukusuosituksemme ainakin<a class=\"more-link\" href=\"https:\/\/onnellisuusinstituutti.fi\/?page_id=41\">Jatka lukemista <span class=\"screen-reader-text\">&#8221;TUTKIMUS&#8221;<\/span><\/a><\/p>\n","protected":false},"author":1,"featured_media":0,"parent":0,"menu_order":0,"comment_status":"closed","ping_status":"closed","template":"","meta":{"footnotes":""},"class_list":["post-41","page","type-page","status-publish","hentry","entry"],"yoast_head":"<!-- This site is optimized with the Yoast SEO plugin v27.3 - https:\/\/yoast.com\/product\/yoast-seo-wordpress\/ -->\n<title>TUTKIMUS -<\/title>\n<meta name=\"robots\" content=\"index, follow, max-snippet:-1, max-image-preview:large, max-video-preview:-1\" \/>\n<link rel=\"canonical\" href=\"https:\/\/onnellisuusinstituutti.fi\/?page_id=41\" \/>\n<meta property=\"og:locale\" content=\"fi_FI\" \/>\n<meta property=\"og:type\" content=\"article\" \/>\n<meta property=\"og:title\" content=\"TUTKIMUS -\" \/>\n<meta property=\"og:description\" content=\"T\u00e4ll\u00e4 hetkell\u00e4 ty\u00f6skentelemme suomalaisten toimitusjohtajien onnellisuuteen liittyv\u00e4n tutkimuksen parissa. Haluamme selvitt\u00e4\u00e4 mit\u00e4 suomalaiset toimitusjohtajat ajattelevat onnellisuudesta ja erityisesti sen merkityksest\u00e4 liiketoiminnan tuloksellisuudelle ja kilpailukyvylle. Olemme my\u00f6s kiinnostuneita suomalaisten onnellisuudesta laajemminkin. Haluamme auttaa mahdollisimman montaa ihmist\u00e4 voimaan paremmin arjessa. Mik\u00e4 tekee juuri sinut onnelliseksi? Vastaa kyselyyn t\u00e4st\u00e4. Saat ajantasaista tietoa kaikista hankkeistamme tilaamalla uutiskirjeen! Lukusuosituksemme ainakinJatka lukemista &quot;TUTKIMUS&quot;\" \/>\n<meta property=\"og:url\" content=\"https:\/\/onnellisuusinstituutti.fi\/?page_id=41\" \/>\n<meta property=\"article:modified_time\" content=\"2022-08-31T14:12:39+00:00\" \/>\n<meta property=\"og:image\" content=\"https:\/\/onnellisuustutkimusinstituutti.fi\/wp-content\/uploads\/2022\/08\/jason-goodman-m2TU2gfqSeE-unsplash1-683x1024.jpg\" \/>\n<meta name=\"twitter:card\" content=\"summary_large_image\" \/>\n<meta name=\"twitter:label1\" content=\"Arvioitu lukuaika\" \/>\n\t<meta name=\"twitter:data1\" content=\"2 minuuttia\" \/>\n<script type=\"application\/ld+json\" class=\"yoast-schema-graph\">{\"@context\":\"https:\\\/\\\/schema.org\",\"@graph\":[{\"@type\":\"WebPage\",\"@id\":\"https:\\\/\\\/onnellisuusinstituutti.fi\\\/?page_id=41\",\"url\":\"https:\\\/\\\/onnellisuusinstituutti.fi\\\/?page_id=41\",\"name\":\"TUTKIMUS -\",\"isPartOf\":{\"@id\":\"https:\\\/\\\/onnellisuusinstituutti.fi\\\/#website\"},\"primaryImageOfPage\":{\"@id\":\"https:\\\/\\\/onnellisuusinstituutti.fi\\\/?page_id=41#primaryimage\"},\"image\":{\"@id\":\"https:\\\/\\\/onnellisuusinstituutti.fi\\\/?page_id=41#primaryimage\"},\"thumbnailUrl\":\"https:\\\/\\\/onnellisuustutkimusinstituutti.fi\\\/wp-content\\\/uploads\\\/2022\\\/08\\\/jason-goodman-m2TU2gfqSeE-unsplash1-683x1024.jpg\",\"datePublished\":\"2021-01-08T15:26:31+00:00\",\"dateModified\":\"2022-08-31T14:12:39+00:00\",\"breadcrumb\":{\"@id\":\"https:\\\/\\\/onnellisuusinstituutti.fi\\\/?page_id=41#breadcrumb\"},\"inLanguage\":\"fi\",\"potentialAction\":[{\"@type\":\"ReadAction\",\"target\":[\"https:\\\/\\\/onnellisuusinstituutti.fi\\\/?page_id=41\"]}]},{\"@type\":\"ImageObject\",\"inLanguage\":\"fi\",\"@id\":\"https:\\\/\\\/onnellisuusinstituutti.fi\\\/?page_id=41#primaryimage\",\"url\":\"https:\\\/\\\/onnellisuustutkimusinstituutti.fi\\\/wp-content\\\/uploads\\\/2022\\\/08\\\/jason-goodman-m2TU2gfqSeE-unsplash1-683x1024.jpg\",\"contentUrl\":\"https:\\\/\\\/onnellisuustutkimusinstituutti.fi\\\/wp-content\\\/uploads\\\/2022\\\/08\\\/jason-goodman-m2TU2gfqSeE-unsplash1-683x1024.jpg\"},{\"@type\":\"BreadcrumbList\",\"@id\":\"https:\\\/\\\/onnellisuusinstituutti.fi\\\/?page_id=41#breadcrumb\",\"itemListElement\":[{\"@type\":\"ListItem\",\"position\":1,\"name\":\"Etusivu\",\"item\":\"https:\\\/\\\/onnellisuusinstituutti.fi\\\/\"},{\"@type\":\"ListItem\",\"position\":2,\"name\":\"TUTKIMUS\"}]},{\"@type\":\"WebSite\",\"@id\":\"https:\\\/\\\/onnellisuusinstituutti.fi\\\/#website\",\"url\":\"https:\\\/\\\/onnellisuusinstituutti.fi\\\/\",\"name\":\"\",\"description\":\"Onnellisuutta, elinvoimaa ja kilpailukyky&auml;\",\"potentialAction\":[{\"@type\":\"SearchAction\",\"target\":{\"@type\":\"EntryPoint\",\"urlTemplate\":\"https:\\\/\\\/onnellisuusinstituutti.fi\\\/?s={search_term_string}\"},\"query-input\":{\"@type\":\"PropertyValueSpecification\",\"valueRequired\":true,\"valueName\":\"search_term_string\"}}],\"inLanguage\":\"fi\"}]}<\/script>\n<!-- \/ Yoast SEO plugin. -->","yoast_head_json":{"title":"TUTKIMUS -","robots":{"index":"index","follow":"follow","max-snippet":"max-snippet:-1","max-image-preview":"max-image-preview:large","max-video-preview":"max-video-preview:-1"},"canonical":"https:\/\/onnellisuusinstituutti.fi\/?page_id=41","og_locale":"fi_FI","og_type":"article","og_title":"TUTKIMUS -","og_description":"T\u00e4ll\u00e4 hetkell\u00e4 ty\u00f6skentelemme suomalaisten toimitusjohtajien onnellisuuteen liittyv\u00e4n tutkimuksen parissa. Haluamme selvitt\u00e4\u00e4 mit\u00e4 suomalaiset toimitusjohtajat ajattelevat onnellisuudesta ja erityisesti sen merkityksest\u00e4 liiketoiminnan tuloksellisuudelle ja kilpailukyvylle. Olemme my\u00f6s kiinnostuneita suomalaisten onnellisuudesta laajemminkin. Haluamme auttaa mahdollisimman montaa ihmist\u00e4 voimaan paremmin arjessa. Mik\u00e4 tekee juuri sinut onnelliseksi? Vastaa kyselyyn t\u00e4st\u00e4. Saat ajantasaista tietoa kaikista hankkeistamme tilaamalla uutiskirjeen! Lukusuosituksemme ainakinJatka lukemista \"TUTKIMUS\"","og_url":"https:\/\/onnellisuusinstituutti.fi\/?page_id=41","article_modified_time":"2022-08-31T14:12:39+00:00","og_image":[{"url":"https:\/\/onnellisuustutkimusinstituutti.fi\/wp-content\/uploads\/2022\/08\/jason-goodman-m2TU2gfqSeE-unsplash1-683x1024.jpg","type":"","width":"","height":""}],"twitter_card":"summary_large_image","twitter_misc":{"Arvioitu lukuaika":"2 minuuttia"},"schema":{"@context":"https:\/\/schema.org","@graph":[{"@type":"WebPage","@id":"https:\/\/onnellisuusinstituutti.fi\/?page_id=41","url":"https:\/\/onnellisuusinstituutti.fi\/?page_id=41","name":"TUTKIMUS -","isPartOf":{"@id":"https:\/\/onnellisuusinstituutti.fi\/#website"},"primaryImageOfPage":{"@id":"https:\/\/onnellisuusinstituutti.fi\/?page_id=41#primaryimage"},"image":{"@id":"https:\/\/onnellisuusinstituutti.fi\/?page_id=41#primaryimage"},"thumbnailUrl":"https:\/\/onnellisuustutkimusinstituutti.fi\/wp-content\/uploads\/2022\/08\/jason-goodman-m2TU2gfqSeE-unsplash1-683x1024.jpg","datePublished":"2021-01-08T15:26:31+00:00","dateModified":"2022-08-31T14:12:39+00:00","breadcrumb":{"@id":"https:\/\/onnellisuusinstituutti.fi\/?page_id=41#breadcrumb"},"inLanguage":"fi","potentialAction":[{"@type":"ReadAction","target":["https:\/\/onnellisuusinstituutti.fi\/?page_id=41"]}]},{"@type":"ImageObject","inLanguage":"fi","@id":"https:\/\/onnellisuusinstituutti.fi\/?page_id=41#primaryimage","url":"https:\/\/onnellisuustutkimusinstituutti.fi\/wp-content\/uploads\/2022\/08\/jason-goodman-m2TU2gfqSeE-unsplash1-683x1024.jpg","contentUrl":"https:\/\/onnellisuustutkimusinstituutti.fi\/wp-content\/uploads\/2022\/08\/jason-goodman-m2TU2gfqSeE-unsplash1-683x1024.jpg"},{"@type":"BreadcrumbList","@id":"https:\/\/onnellisuusinstituutti.fi\/?page_id=41#breadcrumb","itemListElement":[{"@type":"ListItem","position":1,"name":"Etusivu","item":"https:\/\/onnellisuusinstituutti.fi\/"},{"@type":"ListItem","position":2,"name":"TUTKIMUS"}]},{"@type":"WebSite","@id":"https:\/\/onnellisuusinstituutti.fi\/#website","url":"https:\/\/onnellisuusinstituutti.fi\/","name":"","description":"Onnellisuutta, elinvoimaa ja kilpailukyky&auml;","potentialAction":[{"@type":"SearchAction","target":{"@type":"EntryPoint","urlTemplate":"https:\/\/onnellisuusinstituutti.fi\/?s={search_term_string}"},"query-input":{"@type":"PropertyValueSpecification","valueRequired":true,"valueName":"search_term_string"}}],"inLanguage":"fi"}]}},"_links":{"self":[{"href":"https:\/\/onnellisuusinstituutti.fi\/index.php?rest_route=\/wp\/v2\/pages\/41","targetHints":{"allow":["GET"]}}],"collection":[{"href":"https:\/\/onnellisuusinstituutti.fi\/index.php?rest_route=\/wp\/v2\/pages"}],"about":[{"href":"https:\/\/onnellisuusinstituutti.fi\/index.php?rest_route=\/wp\/v2\/types\/page"}],"author":[{"embeddable":true,"href":"https:\/\/onnellisuusinstituutti.fi\/index.php?rest_route=\/wp\/v2\/users\/1"}],"replies":[{"embeddable":true,"href":"https:\/\/onnellisuusinstituutti.fi\/index.php?rest_route=%2Fwp%2Fv2%2Fcomments&post=41"}],"version-history":[{"count":7,"href":"https:\/\/onnellisuusinstituutti.fi\/index.php?rest_route=\/wp\/v2\/pages\/41\/revisions"}],"predecessor-version":[{"id":427,"href":"https:\/\/onnellisuusinstituutti.fi\/index.php?rest_route=\/wp\/v2\/pages\/41\/revisions\/427"}],"wp:attachment":[{"href":"https:\/\/onnellisuusinstituutti.fi\/index.php?rest_route=%2Fwp%2Fv2%2Fmedia&parent=41"}],"curies":[{"name":"wp","href":"https:\/\/api.w.org\/{rel}","templated":true}]}}