{"id":37,"date":"2021-01-08T15:25:17","date_gmt":"2021-01-08T15:25:17","guid":{"rendered":"https:\/\/onnellisuusinstituutti.fi\/?page_id=37"},"modified":"2022-08-24T15:38:55","modified_gmt":"2022-08-24T15:38:55","slug":"yksiloille","status":"publish","type":"page","link":"https:\/\/onnellisuusinstituutti.fi\/?page_id=37","title":{"rendered":"YKSIL\u00d6ILLE"},"content":{"rendered":"\n<div class=\"wp-block-media-text alignwide has-media-on-the-right is-stacked-on-mobile\"><figure class=\"wp-block-media-text__media\"><img loading=\"lazy\" decoding=\"async\" width=\"683\" height=\"1024\" src=\"https:\/\/onnellisuustutkimusinstituutti.fi\/wp-content\/uploads\/2022\/08\/christina-wocintechchat-com-RvIDScoR4Dw-unsplash-683x1024.jpg\" alt=\"\" class=\"wp-image-424 size-full\" srcset=\"https:\/\/onnellisuusinstituutti.fi\/wp-content\/uploads\/2022\/08\/christina-wocintechchat-com-RvIDScoR4Dw-unsplash-683x1024.jpg 683w, https:\/\/onnellisuusinstituutti.fi\/wp-content\/uploads\/2022\/08\/christina-wocintechchat-com-RvIDScoR4Dw-unsplash-200x300.jpg 200w, https:\/\/onnellisuusinstituutti.fi\/wp-content\/uploads\/2022\/08\/christina-wocintechchat-com-RvIDScoR4Dw-unsplash-768x1152.jpg 768w, https:\/\/onnellisuusinstituutti.fi\/wp-content\/uploads\/2022\/08\/christina-wocintechchat-com-RvIDScoR4Dw-unsplash-1024x1536.jpg 1024w, https:\/\/onnellisuusinstituutti.fi\/wp-content\/uploads\/2022\/08\/christina-wocintechchat-com-RvIDScoR4Dw-unsplash-1365x2048.jpg 1365w, https:\/\/onnellisuusinstituutti.fi\/wp-content\/uploads\/2022\/08\/christina-wocintechchat-com-RvIDScoR4Dw-unsplash-1568x2352.jpg 1568w, https:\/\/onnellisuusinstituutti.fi\/wp-content\/uploads\/2022\/08\/christina-wocintechchat-com-RvIDScoR4Dw-unsplash-scaled.jpg 1707w\" sizes=\"auto, (max-width: 683px) 100vw, 683px\" \/><\/figure><div class=\"wp-block-media-text__content\">\n<p class=\"has-large-font-size\">Ty\u00f6kyvyn ja ty\u00f6hyvinvoinnin ongelmat maksavat Suomen taloudelle jopa uskomattomat 40<br>miljardia euroa vuodessa niin menetettyn\u00e4 ty\u00f6panoksena, etuuksina kuin terveyden- ja sairaanhoidon kuluina. Suomessa 17% ty\u00f6tekij\u00f6ist\u00e4 kokee paljon tai melko paljon stressioireita ja huoli omasta ty\u00f6kyvytt\u00f6myydest\u00e4 on kasvanut merkitt\u00e4v\u00e4sti jo vuosina 2011-2018.<\/p>\n\n\n\n<p class=\"has-large-font-size\"><strong>Jos haluat tehd\u00e4 jotain konkreettista oman stressin lievitt\u00e4miseksi ja onnellisuuden lis\u00e4\u00e4miseksi samaan aikaan<\/strong>, nyt siihen on tarjolla t\u00e4ydellinen mahdollisuus! <\/p>\n\n\n\n<p class=\"has-large-font-size\"><strong>The Happiness Practice (THP) <\/strong>on ainoa n\u00e4ytt\u00f6\u00f6n perustuva valmennus, joka mitattavasti parantaa hyvinvointia ja suorituskyky\u00e4 keskitty-<br>m\u00e4ll\u00e4 kuormitustekij\u00f6iden ja stressioireiden v\u00e4hent\u00e4miseen sek\u00e4 onnellisuuden ja sen sivutuotteiden; innovaation, resilienssin ja<br>pitk\u00e4j\u00e4nteisyyden lis\u00e4\u00e4miseen.<\/p>\n<\/div><\/div>\n\n\n\n<p class=\"has-large-font-size\"><strong>Toteutus ja hinnoittelu<\/strong><br><br>6 x 45 min <strong>Learning session<\/strong>-valmennusta, 6 x 45 min <strong>Happiness Huddle<\/strong>-valmennusta, eli 12 verkon yli tapahtuvaa 45-minuutin valmennusta <strong>kuuden kuukauden aikana<\/strong>. Joka<strong> Learning sessionissa<\/strong> opitaan uusi <strong>k\u00e4ytt\u00e4ytymismalli<\/strong> ja <strong>kolme harjoitusta<\/strong> seuraavalle kuukaudelle. <strong>Happiness huddlet<\/strong> ovat kokemusten jakamista, purkamista sek\u00e4 yhdess\u00e4 oppimista varten. <\/p>\n\n\n\n<p class=\"has-large-font-size\">Valmennuskokonaisuuteen kuuluu keskeisen\u00e4 osana yksil\u00f6llisten muutosten mittaaminen. Mittaukset tapahtuvat valmennuksen aluksi, sen keskivaiheilla ja valmennuksen lopulla. Saat yksil\u00f6llisen raportin oman stressitason sek\u00e4 onnellisuuden muutoksista valmennuksen aikana.<\/p>\n\n\n\n<p class=\"has-large-font-size\"><br>Hinta: <strong>1987\u20ac \/ hl\u00f6, toteutus 10-12 henkil\u00f6n kohorteissa<\/strong>, voit my\u00f6s valita <strong>yksil\u00f6valmennuksen hintaan 2480\u20ac<\/strong>. <\/p>\n","protected":false},"excerpt":{"rendered":"<p>Ty\u00f6kyvyn ja ty\u00f6hyvinvoinnin ongelmat maksavat Suomen taloudelle jopa uskomattomat 40miljardia euroa vuodessa niin menetettyn\u00e4 ty\u00f6panoksena, etuuksina kuin terveyden- ja sairaanhoidon kuluina. Suomessa 17% ty\u00f6tekij\u00f6ist\u00e4 kokee paljon tai melko paljon stressioireita ja huoli omasta ty\u00f6kyvytt\u00f6myydest\u00e4 on kasvanut merkitt\u00e4v\u00e4sti jo vuosina 2011-2018. Jos haluat tehd\u00e4 jotain konkreettista oman stressin lievitt\u00e4miseksi ja onnellisuuden lis\u00e4\u00e4miseksi samaan aikaan, nyt siihen<a class=\"more-link\" href=\"https:\/\/onnellisuusinstituutti.fi\/?page_id=37\">Jatka lukemista <span class=\"screen-reader-text\">&#8221;YKSIL\u00d6ILLE&#8221;<\/span><\/a><\/p>\n","protected":false},"author":1,"featured_media":0,"parent":0,"menu_order":0,"comment_status":"closed","ping_status":"closed","template":"","meta":{"footnotes":""},"class_list":["post-37","page","type-page","status-publish","hentry","entry"],"yoast_head":"<!-- This site is optimized with the Yoast SEO plugin v27.3 - https:\/\/yoast.com\/product\/yoast-seo-wordpress\/ -->\n<title>YKSIL\u00d6ILLE -<\/title>\n<meta name=\"robots\" content=\"index, follow, max-snippet:-1, max-image-preview:large, max-video-preview:-1\" \/>\n<link rel=\"canonical\" href=\"https:\/\/onnellisuusinstituutti.fi\/?page_id=37\" \/>\n<meta property=\"og:locale\" content=\"fi_FI\" \/>\n<meta property=\"og:type\" content=\"article\" \/>\n<meta property=\"og:title\" content=\"YKSIL\u00d6ILLE -\" \/>\n<meta property=\"og:description\" content=\"Ty\u00f6kyvyn ja ty\u00f6hyvinvoinnin ongelmat maksavat Suomen taloudelle jopa uskomattomat 40miljardia euroa vuodessa niin menetettyn\u00e4 ty\u00f6panoksena, etuuksina kuin terveyden- ja sairaanhoidon kuluina. Suomessa 17% ty\u00f6tekij\u00f6ist\u00e4 kokee paljon tai melko paljon stressioireita ja huoli omasta ty\u00f6kyvytt\u00f6myydest\u00e4 on kasvanut merkitt\u00e4v\u00e4sti jo vuosina 2011-2018. Jos haluat tehd\u00e4 jotain konkreettista oman stressin lievitt\u00e4miseksi ja onnellisuuden lis\u00e4\u00e4miseksi samaan aikaan, nyt siihenJatka lukemista &quot;YKSIL\u00d6ILLE&quot;\" \/>\n<meta property=\"og:url\" content=\"https:\/\/onnellisuusinstituutti.fi\/?page_id=37\" \/>\n<meta property=\"article:modified_time\" content=\"2022-08-24T15:38:55+00:00\" \/>\n<meta property=\"og:image\" content=\"https:\/\/onnellisuustutkimusinstituutti.fi\/wp-content\/uploads\/2022\/08\/christina-wocintechchat-com-RvIDScoR4Dw-unsplash-683x1024.jpg\" \/>\n<meta name=\"twitter:card\" content=\"summary_large_image\" \/>\n<meta name=\"twitter:label1\" content=\"Arvioitu lukuaika\" \/>\n\t<meta name=\"twitter:data1\" content=\"2 minuuttia\" \/>\n<script type=\"application\/ld+json\" class=\"yoast-schema-graph\">{\"@context\":\"https:\\\/\\\/schema.org\",\"@graph\":[{\"@type\":\"WebPage\",\"@id\":\"https:\\\/\\\/onnellisuusinstituutti.fi\\\/?page_id=37\",\"url\":\"https:\\\/\\\/onnellisuusinstituutti.fi\\\/?page_id=37\",\"name\":\"YKSIL\u00d6ILLE -\",\"isPartOf\":{\"@id\":\"https:\\\/\\\/onnellisuusinstituutti.fi\\\/#website\"},\"primaryImageOfPage\":{\"@id\":\"https:\\\/\\\/onnellisuusinstituutti.fi\\\/?page_id=37#primaryimage\"},\"image\":{\"@id\":\"https:\\\/\\\/onnellisuusinstituutti.fi\\\/?page_id=37#primaryimage\"},\"thumbnailUrl\":\"https:\\\/\\\/onnellisuustutkimusinstituutti.fi\\\/wp-content\\\/uploads\\\/2022\\\/08\\\/christina-wocintechchat-com-RvIDScoR4Dw-unsplash-683x1024.jpg\",\"datePublished\":\"2021-01-08T15:25:17+00:00\",\"dateModified\":\"2022-08-24T15:38:55+00:00\",\"breadcrumb\":{\"@id\":\"https:\\\/\\\/onnellisuusinstituutti.fi\\\/?page_id=37#breadcrumb\"},\"inLanguage\":\"fi\",\"potentialAction\":[{\"@type\":\"ReadAction\",\"target\":[\"https:\\\/\\\/onnellisuusinstituutti.fi\\\/?page_id=37\"]}]},{\"@type\":\"ImageObject\",\"inLanguage\":\"fi\",\"@id\":\"https:\\\/\\\/onnellisuusinstituutti.fi\\\/?page_id=37#primaryimage\",\"url\":\"https:\\\/\\\/onnellisuustutkimusinstituutti.fi\\\/wp-content\\\/uploads\\\/2022\\\/08\\\/christina-wocintechchat-com-RvIDScoR4Dw-unsplash-683x1024.jpg\",\"contentUrl\":\"https:\\\/\\\/onnellisuustutkimusinstituutti.fi\\\/wp-content\\\/uploads\\\/2022\\\/08\\\/christina-wocintechchat-com-RvIDScoR4Dw-unsplash-683x1024.jpg\"},{\"@type\":\"BreadcrumbList\",\"@id\":\"https:\\\/\\\/onnellisuusinstituutti.fi\\\/?page_id=37#breadcrumb\",\"itemListElement\":[{\"@type\":\"ListItem\",\"position\":1,\"name\":\"Etusivu\",\"item\":\"https:\\\/\\\/onnellisuusinstituutti.fi\\\/\"},{\"@type\":\"ListItem\",\"position\":2,\"name\":\"YKSIL\u00d6ILLE\"}]},{\"@type\":\"WebSite\",\"@id\":\"https:\\\/\\\/onnellisuusinstituutti.fi\\\/#website\",\"url\":\"https:\\\/\\\/onnellisuusinstituutti.fi\\\/\",\"name\":\"\",\"description\":\"Onnellisuutta, elinvoimaa ja kilpailukyky&auml;\",\"potentialAction\":[{\"@type\":\"SearchAction\",\"target\":{\"@type\":\"EntryPoint\",\"urlTemplate\":\"https:\\\/\\\/onnellisuusinstituutti.fi\\\/?s={search_term_string}\"},\"query-input\":{\"@type\":\"PropertyValueSpecification\",\"valueRequired\":true,\"valueName\":\"search_term_string\"}}],\"inLanguage\":\"fi\"}]}<\/script>\n<!-- \/ Yoast SEO plugin. -->","yoast_head_json":{"title":"YKSIL\u00d6ILLE -","robots":{"index":"index","follow":"follow","max-snippet":"max-snippet:-1","max-image-preview":"max-image-preview:large","max-video-preview":"max-video-preview:-1"},"canonical":"https:\/\/onnellisuusinstituutti.fi\/?page_id=37","og_locale":"fi_FI","og_type":"article","og_title":"YKSIL\u00d6ILLE -","og_description":"Ty\u00f6kyvyn ja ty\u00f6hyvinvoinnin ongelmat maksavat Suomen taloudelle jopa uskomattomat 40miljardia euroa vuodessa niin menetettyn\u00e4 ty\u00f6panoksena, etuuksina kuin terveyden- ja sairaanhoidon kuluina. Suomessa 17% ty\u00f6tekij\u00f6ist\u00e4 kokee paljon tai melko paljon stressioireita ja huoli omasta ty\u00f6kyvytt\u00f6myydest\u00e4 on kasvanut merkitt\u00e4v\u00e4sti jo vuosina 2011-2018. Jos haluat tehd\u00e4 jotain konkreettista oman stressin lievitt\u00e4miseksi ja onnellisuuden lis\u00e4\u00e4miseksi samaan aikaan, nyt siihenJatka lukemista \"YKSIL\u00d6ILLE\"","og_url":"https:\/\/onnellisuusinstituutti.fi\/?page_id=37","article_modified_time":"2022-08-24T15:38:55+00:00","og_image":[{"url":"https:\/\/onnellisuustutkimusinstituutti.fi\/wp-content\/uploads\/2022\/08\/christina-wocintechchat-com-RvIDScoR4Dw-unsplash-683x1024.jpg","type":"","width":"","height":""}],"twitter_card":"summary_large_image","twitter_misc":{"Arvioitu lukuaika":"2 minuuttia"},"schema":{"@context":"https:\/\/schema.org","@graph":[{"@type":"WebPage","@id":"https:\/\/onnellisuusinstituutti.fi\/?page_id=37","url":"https:\/\/onnellisuusinstituutti.fi\/?page_id=37","name":"YKSIL\u00d6ILLE -","isPartOf":{"@id":"https:\/\/onnellisuusinstituutti.fi\/#website"},"primaryImageOfPage":{"@id":"https:\/\/onnellisuusinstituutti.fi\/?page_id=37#primaryimage"},"image":{"@id":"https:\/\/onnellisuusinstituutti.fi\/?page_id=37#primaryimage"},"thumbnailUrl":"https:\/\/onnellisuustutkimusinstituutti.fi\/wp-content\/uploads\/2022\/08\/christina-wocintechchat-com-RvIDScoR4Dw-unsplash-683x1024.jpg","datePublished":"2021-01-08T15:25:17+00:00","dateModified":"2022-08-24T15:38:55+00:00","breadcrumb":{"@id":"https:\/\/onnellisuusinstituutti.fi\/?page_id=37#breadcrumb"},"inLanguage":"fi","potentialAction":[{"@type":"ReadAction","target":["https:\/\/onnellisuusinstituutti.fi\/?page_id=37"]}]},{"@type":"ImageObject","inLanguage":"fi","@id":"https:\/\/onnellisuusinstituutti.fi\/?page_id=37#primaryimage","url":"https:\/\/onnellisuustutkimusinstituutti.fi\/wp-content\/uploads\/2022\/08\/christina-wocintechchat-com-RvIDScoR4Dw-unsplash-683x1024.jpg","contentUrl":"https:\/\/onnellisuustutkimusinstituutti.fi\/wp-content\/uploads\/2022\/08\/christina-wocintechchat-com-RvIDScoR4Dw-unsplash-683x1024.jpg"},{"@type":"BreadcrumbList","@id":"https:\/\/onnellisuusinstituutti.fi\/?page_id=37#breadcrumb","itemListElement":[{"@type":"ListItem","position":1,"name":"Etusivu","item":"https:\/\/onnellisuusinstituutti.fi\/"},{"@type":"ListItem","position":2,"name":"YKSIL\u00d6ILLE"}]},{"@type":"WebSite","@id":"https:\/\/onnellisuusinstituutti.fi\/#website","url":"https:\/\/onnellisuusinstituutti.fi\/","name":"","description":"Onnellisuutta, elinvoimaa ja kilpailukyky&auml;","potentialAction":[{"@type":"SearchAction","target":{"@type":"EntryPoint","urlTemplate":"https:\/\/onnellisuusinstituutti.fi\/?s={search_term_string}"},"query-input":{"@type":"PropertyValueSpecification","valueRequired":true,"valueName":"search_term_string"}}],"inLanguage":"fi"}]}},"_links":{"self":[{"href":"https:\/\/onnellisuusinstituutti.fi\/index.php?rest_route=\/wp\/v2\/pages\/37","targetHints":{"allow":["GET"]}}],"collection":[{"href":"https:\/\/onnellisuusinstituutti.fi\/index.php?rest_route=\/wp\/v2\/pages"}],"about":[{"href":"https:\/\/onnellisuusinstituutti.fi\/index.php?rest_route=\/wp\/v2\/types\/page"}],"author":[{"embeddable":true,"href":"https:\/\/onnellisuusinstituutti.fi\/index.php?rest_route=\/wp\/v2\/users\/1"}],"replies":[{"embeddable":true,"href":"https:\/\/onnellisuusinstituutti.fi\/index.php?rest_route=%2Fwp%2Fv2%2Fcomments&post=37"}],"version-history":[{"count":6,"href":"https:\/\/onnellisuusinstituutti.fi\/index.php?rest_route=\/wp\/v2\/pages\/37\/revisions"}],"predecessor-version":[{"id":441,"href":"https:\/\/onnellisuusinstituutti.fi\/index.php?rest_route=\/wp\/v2\/pages\/37\/revisions\/441"}],"wp:attachment":[{"href":"https:\/\/onnellisuusinstituutti.fi\/index.php?rest_route=%2Fwp%2Fv2%2Fmedia&parent=37"}],"curies":[{"name":"wp","href":"https:\/\/api.w.org\/{rel}","templated":true}]}}